
True
Is 336481 composite?
True
Is 200385187 a composite number?
False
Is 1399219 composite?
True
Is 270013093 a composite number?
True
Is 308670891 a prime number?
False
Is 681589 a composite number?
False
Is 18795323 prime?
True
Is 90229 a composite number?
True
Is 2292974 composite?
True
Is 207617 a composite number?
True
Is 279437 a prime number?
False
Is 5243171 a prime number?
False
Is 119096995 prime?
False
Is 434099 a composite number?
True
Is 10432999 prime?
True
Is 2075669 prime?
True
Is 956231 a composite number?
False
Is 478271 a prime number?
True
Is 12000731 a composite number?
False
Is 93585049 a prime number?
True
Is 1695973 a composite number?
True
Is 2032951 prime?
True
Is 19423631 a composite number?
True
Is 19779047 prime?
True
Is 3963093 a composite number?
True
Is 265767899 a composite number?
True
Is 2842051 a prime number?
False
Is 82627717 a composite number?
False
Is 305420191 prime?
False
Is 221657147 a prime number?
True
Is 9870963 a composite number?
True
Is 6022057 a prime number?
True
Is 8625289 composite?
False
Is 6500009 a composite number?
True
Is 110939797 prime?
True
Is 3114091 prime?
True
Is 27970279 prime?
True
Is 15042067 a prime number?
False
Is 3482489 a composite number?
True
Is 4181693 a composite number?
False
Is 8096183 composite?
False
Is 202123427 a prime number?
False
Is 2181737 prime?
True
Is 15541046 prime?
False
Is 880559 prime?
True
Is 7622547 composite?
True
Is 470165533 composite?
False
Is 72952453 a composite number?
True
Is 23718103 composite?
False
Is 221143521 a prime number?
False
Is 48173 composite?
True
Is 3096551 composite?
False
Is 8452469 composite?
False
Is 56411753 a prime number?
True
Is 452923 prime?
True
Is 2029913 prime?
False
Is 418127 prime?
False
Is 119903123 a composite number?
True
Is 136644598 a composite number?
True
Is 11911801 a prime number?
False
Is 1483234891 composite?
False
Is 176248159 a composite number?
True
Is 14555631 composite?
True
Is 14739401 a composite number?
True
Is 104013377 composite?
True
Is 93831029 a prime number?
False
Is 5625743 a prime number?
False
Is 24110797 prime?
False
Is 7712479 a prime number?
True
Is 913435 a composite number?
True
Is 2315149 prime?
True
Is 19810657 composite?
False
Is 36573991 prime?
False
Is 2349989 composite?
True
Is 6735643 a prime number?
True
Is 41399209 composite?
False
Is 1941623 a prime number?
False
Is 12329987 composite?
True
Is 670323361 a prime number?
False
Is 26555483 composite?
True
Is 17557123 a composite number?
False
Is 5777101 composite?
True
Is 114790223 prime?
False
Is 317881 prime?
False
Is 137171585 composite?
True
Is 1742443 a prime number?
True
Is 13632629 composite?
True
Is 3017873 a prime number?
False
Is 109087687 prime?
False
Is 2509513 a composite number?
False
Is 23700311 prime?
True
Is 1992407 prime?
True
Is 34371211 composite?
True
Is 306770201 prime?
False
Is 5550431 prime?
True
Is 25201178 prime?
False
Is 601045771 composite?
False
Is 1767743 a prime number?
False
Is 7474967 prime?
True
Is 17434601 a composite number?
False
Is 6971359 a prime number?
False
Is 91744607 prime?
True
Is 3695257 composite?
False
Is 1522249 composite?
False
Is 1404045593 composite?
False
Is 14563997 a prime number?
False
Is 113749213 a prime number?
False
Is 4995199 a prime number?
False
Is 189446 composite?
True
Is 294723413 a composite number?
True
Is 11461393 a composite number?
True
Is 19942919 prime?
True
Is 1138237115 prime?
False
Is 24903077 a composite number?
False
Is 161151061 a prime number?
True
Is 314714833 prime?
True
Is 2234303 a prime number?
True
Is 9298533 a prime number?
False
Is 205867357 prime?
False
Is 53512561 a prime number?
True
Is 13848617 a prime number?
True
Is 29147927 composite?
False
Is 2242871 prime?
True
Is 12202817 a composite number?
True
Is 1727101 composite?
False
Is 214578527 a prime number?
False
Is 1598789 prime?
True
Is 17955013 a composite number?
True
Is 27558793 composite?
False
Is 43750661 prime?
False
Is 237438433 a composite number?
True
Is 5103089 composite?
True
Is 7525931 a composite number?
True
Is 5933039 composite?
True
Is 473944403 a composite number?
False
Is 2496101 prime?
False
Is 4668397 a composite number?
False
Is 16561033 a prime number?
True
Is 21249623 prime?
True
Is 610251259 a prime number?
False
Is 290040365 a prime number?
False
Is 90761591 a composite number?
False
Is 227317819 a prime number?
True
Is 1624141 prime?
True
Is 24493669 a composite number?
True
Is 1322573 prime?
False
Is 90472409 a composite number?
True
Is 519570283 a prime number?
True
Is 301711549 a composite number?
True
Is 2072134 composite?
True
Is 48185294 composite?
True
Is 210813263 prime?
True
Is 29237501 a composite number?
True
Is 13329523 prime?
False
Is 17241989 prime?
True
Is 255590677 prime?
False
Is 9734107 a composite number?
False
Is 28830931 prime?
False
Is 13850679 a prime number?
False
Is 2533183 a composite number?
True
Is 74385221 composite?
True
Is 16182757 a prime number?
False
Is 869573 composite?
True
Is 31403503 prime?
False
Is 329701 prime?
False
Is 46444259 prime?
True
Is 859181 prime?
True
Is 1892707 prime?
False
Is 161533 prime?
False
Is 96243773 composite?
False
Is 9417865 composite?
True
Is 7283323 a prime number?
False
Is 3948667 a composite number?
False
Is 54965357 prime?
False
Is 3904493 composite?
False
Is 185830891 a composite number?
True
Is 444879871 a composite number?
True
Is 3837497 composite?
False
Is 138302419 a composite number?
False
Is 4782749 a prime number?
True
Is 26163227 a composite number?
True
Is 10768993 a prime number?
True
Is 6938557 composite?
False
Is 10332163 composite?
False
Is 635663933 composite?
True
Is 30553871 prime?
True
Is 157392061 prime?
True
Is 929294 a prime number?
False
Is 130548439 prime?
False
Is 19276473 a prime number?
False
Is 13940177 prime?
True
Is 9843619 a prime number?
False
Is 396157 prime?
True
Is 139237459 a prime number?
False
Is 21565447 a composite number?
False
Is 1463147 prime?
False
Is 69728449 composite?
True
Is 86901547 a composite number?
False
Is 142906129 a prime number?
False
Is 1822367 a composite number?
False
Is 157617377 composite?
True
Is 5002349 prime?
False
Is 45347 a composite number?
True
Is 21155963 a prime number?
False
Is 79179949 prime?
False
Is 18542113 a prime number?
True
Is 173732837 a prime number?
False
Is 34001599 a prime number?
True
Is 804647 a prime number?
False
Is 47483 prime?
False
Is 323687017 composite?
True
Is 12557641 composite?
False
Is 1368023 a prime number?
False
Is 142215187 prime?
False
Is 6346471 a composite number?
True
Is 7148013 a composite number?
True
Is 8013979 a composite number?
True
Is 2128697 composite?
False
Is 72751799 composite?
False
Is 17450743 a composite number?
False
Is 5994143 a composite number?
False
Is 2769346 composite?
True
Is 6961649 a composite number?
False
Is 6338567 a composite number?
True
Is 296291 a composite number?
True
Is 80285 prime?
False
Is 149026027 a composite number?
False
Is 579521309 a prime number?
False
Is 8160547 a prime number?
True
Is 358510037 composite?
False
Is 36127451 prime?
True
Is 184778239 a prime number?
True
Is 3189727 prime?
False
Is 1552231 composite?
True
Is 88111217 composite?
False
Is 2527795 a composite number?
True
Is 2098051 composite?
False
Is 46747177 a prime number?
False
Is 50618901 a prime number?
False
Is 37275389 a prime number?
False
Is 653767819 a composite number?
False
Is 2580397 prime?
False
Is 32219995 a prime number?
False
Is 9794503 a composite number?
False
Is 64962503 a prime number?
True
Is 751999 a prime number?
False
Is 9413747 composite?
True
Is 22822067 composite?
False
Is 46058107 composite?
False
Is 3563403 composite?
True
Is 12647833 composite?
True
Is 218914133 a composite number?
False
Is 628255513 a composite number?
False
Is 10084409 composite?
False
Is 8667089 composite?
True
Is 27104585 composite?
True
Is 77191 composite?
False
Is 10705939 a composite number?
False
Is 6987461 a composite number?
True
Is 259819499 prime?
False
Is 2795791 composite?
False
Is 23482033 a prime number?
True
Is 4504429 a composite number?
False
Is 74035163 prime?
True
Is 7596691 prime?
True
Is 5726627 prime?
True
Is 113221733 a prime number?
False
Is 304342157